41 + -62)).
-30
Evaluate -7 + (-8 - 1) + (-6 - -56).
34
-49 + (111 + -51 - -52)
63
What is the value of (-22 - (-19 + -47 + 22)) + 19?
41
Calculate 27 - -1 - (-39 - -13).
54
Calculate (-4 - -1) + 2 + (23 - (-113 + 108)).
27
(1 - -12) + (-203 - (98 - 187))
-101
Calculate (21 + -2 - 0) + (6 + 33 - 95).
-37
Calculate (-6 + 10 + -7 - -4) + (-309 - -196).
-112
Calculate -12 + (306 + -319 - (-2 + 5 - 8)).
-20
What is the value of (-169 - (-85 - 74)) + -38?
-48
What is (-188 - -194) + 32 + -2 + 6?
42
What is the value of 4 + -26 + 1 + (-21 - -19 - 3)?
-26
What is 11 + (-3 - -3) + -122 + -55 + 159?
-7
Evaluate -34 - ((31 - (41 - 14)) + (-9 - 0)).
-29
23 - 37 - (-49 - 6)
41
-39 - ((-19 - -35) + -155) - 22
78
Evaluate (8 + -2 - -10) + 57 + -86 + 50.
37
-82 + 50 + 21 + 8
-3
What is -4 + (2 - (-4 + 3)) + 463 + -456?
6
Evaluate -19 + (593 - 607 - (-1 - 49) - -18).
35
44 - ((-18 - -9) + 2 + (4 - 0 - -6))
41
Evaluate 1 + 54 + -130 - 34.
-109
What is the value of (-58 - -41 - -24) + (-2 + 3 - 32)?
-24
Evaluate 76 - -8 - (27 + -50 + 52).
55
What is -37 - (0 - -1) - (-657 - -665) - -7?
-39
Evaluate (-23 + 7 - (-9 + 5)) + (-8 - 86).
-106
Evaluate -58 + (-73 - 6 - -45).
-92
Calculate -29 + (-9 - -22 - (-120 - -141)).
-37
Calculate 4 + -116 - (-4195 - -3957).
126
What is (47 - -25) + -52 - (-2 + -21)?
43
Calculate -1916 + 1957 + (-1 - -4).
44
Calculate (-4 + -6 - (-3 - -9 - 24)) + -75 - 4.
-71
What is 19 + (-1 + -35 - -47) - (6 + -1)?
25
What is the value of ((-30 - -7) + 6 - (-21 + 3)) + -88?
-87
(-12 - -3) + (85 - 35) + -109 + 0 + 18
-50
Evaluate -76 + (-9 - 1 - (133 + -96 - 27)).
-96
Calculate (-1780 - -1733) + 1 + 23.
-23
What is the value of 4 + (17 - (29 - 12)) + (-23 - (7 + 1))?
-27
18 + 5 + (-13 - -9) + -1 + -12
6
Evaluate 0 + -9 - (1439 - 1453).
5
Evaluate (-47 - -26 - -8) + 19 + (-9 - -2).
-1
Calculate 26 + ((-1 - (-5 + 4 + 6)) + 14 - 15).
19
Calculate (4 - 53) + (-5 - (-13 + 12)) + 11.
-42
Calculate -3957 + 3948 - (0 + 0 - -21).
-30
What is -3 - ((24 - (-13 + 19)) + 5 + -19)?
-7
What is the value of (-60 - -112 - (-2 - -40)) + (-22 - 1)?
-9
What is 14 + 2 + (-18 - -7 - 59)?
-54
What is 1 + 115 - (5 + (-15 - (13 - (4 - -18))))?
117
Evaluate (-28 - 2) + (465 - 434) - (-1 - -45).
-43
What is the value of 25 + 36 + 1 - 49?
13
Evaluate -12 - (-242 + 235 - (-37 + -3 - -1)).
-44
Evaluate -104 - (-21 - (15 - (-11 - -10))).
-67
What is the value of (14 - 19) + (60 - 18 - 41)?
-4
89 - 2 - 36 - -18
69
What is (12 + 43 - 34) + (-8 - 0)?
13
-96 + 1 + 9 + -88 + 171 + -91
-94
Calculate 186 - -77 - 109 - (10 + 2 + 1 + 1).
140
(-73 - 3) + -19 - -165
70
What is (1 + -1 - 10) + (31 - (-67 - (-47 - -13)))?
54
Calculate 37 + -88 + (0 - -34 - 33).
-50
3660 + -3645 - (-2 - 0 - (5 - (0 + -23)))
45
Calculate (0 - -3) + (-2 - -80) - (-88 - -125 - 51).
95
-18 + 1 - (-13 - (-4 - 22))
-30
Evaluate -6 + (10 - 10) - (-35 - (-6 + 0)).
23
(-15 - -36) + -20 - 34
-33
What is 2 + ((2 - 4) + -4 - (77 - (94 + -7)))?
6
Evaluate (25 - 10) + -35 + 27 - (-109 - (-5 - -2)).
113
Evaluate (-7 - (2 - 11) - 7) + 59 + -68.
-14
-2 + (32 - (75 - 29) - (-1 - -87))
-102
-10 + (89 + -84 - 1)
-6
What is the value of (-33 - (12 + -15)) + -4?
-34
Calculate -8 - ((-1 - -16) + (-151 - -145) + 26).
-43
What is -2 + 11 + 0 + -31 + (8 - 2) + 5?
-11
Evaluate -31 + -26 + (2 - (8 - 27)) + (-1 - -2).
-35
Evaluate (-180 - -175) + -31 + 6.
-30
Evaluate 56 + -45 + 70 + -120.
-39
Evaluate -1 - (4 - -35 - -25 - (8 - 2 - -3)).
-56
-15 + ((25 - 9) + -33 - 13)
-45
What is the value of 2 + (11 - 1 - (15 - (13 + -63)))?
-53
14 - (4 - -4) - -58 - 1 - (-29 + 24)
68
25 + -169 + 64 + (0 + 14 - -1)
-65
-35 + -81 + 62 + 69
15
Calculate (10 - -31) + -61 - (-6 + -23).
9
Calculate 19 + 28 + (10 - 22) + -1 - 18.
16
What is 18 + (-2 + 0 - -6) + 3008 + -3113?
-83
What is the value of -144 + 55 + 72 - -4?
-13
Evaluate (9 - 29 - -18) + 5 - (-1 + -11).
15
Calculate -26 + -4 + -22 + 80 + -35.
-7
Calculate 24 + (-35 + -1 - -24).
12
Calculate -8 - (48 - (65 + 22)).
31
What is the value of 7 - -2 - -67 - (-591 - -633)?
34
What is (1 - 1) + (-740 - -746 - (-22 - (-6 + 2)))?
24
Calculate (-4 - -6 - 19) + 96 + -102 - -118.
95
313 + (-168 - 162) + (1 - 1 - 61)
-78
What is the value of 16792 + -16750 + (-131 - 0)?
-89
What is (2 - 5) + 4 + 16 + (-85 - (-10 - 4))?
-54
Evaluate -14 + 90 - (3 - ((-12 - (-7 - -1)) + 11)).
78
Evaluate (6 + -8 - -5) + (-1497 - -1489).
-5
Calculate 9 + (55 - (22 + -42)) + -37.
47
Evaluate -14 + (10 - 2 - 20) - -20.
-6
(-1 - -9) + (22 + (11 - 42) - -54) + 7
60
What is the value of 10 - ((823 - 673) + (0 - 16))?
-124
Evaluate (16 - 7 - -10) + (-72 - 13).
-66
What is 10 + -54 + -4 + 23 - -9?
-16
(-359 - -278) + 104 + -3
20
What is (1 - -2) + (119 + -128 - 76)?
-82
What is 37 + -3 + -99 + 42?
-23
Calculate -1 + 12 + (-4 - (43 - 21 - 22)).
7
-7 - ((343 - 376) + (0 - 40))
66
Calculate 189 + (-50 + 25 - -73) + -91.
146
Calculate -6 + (-28 - 1) + (13 + -22 - -15).
-29
Evaluate 67 + 62 + -87 + -41.
1
Calculate 72 - 74 - -70 - 9.
59
(-21 + 8 + 121 - 18) + -9 + -18
63
Evaluate -95 - (39 + -14 - 74).
-46
1 + 76 + (6428 - 6579)
-74
What is (-109 - (-48 - -4)) + 75?
10
What is -243 + 171 + (2 - 29) - -20?
-79
8 + -10 + (-359 - -309)
-52
What is -15 + 24 + -1 - (-29 + 70)?
-33
Evaluate 2 + -1 - ((27 - 6 - 6) + 6 + -7).
-13
Calculate (-10 - (2 + -1)) + (53 - 29 - 4).
9
Evaluate -6 - (-6 - (-8 - -1)) - (-10 + (10 - 4)).
-3
24 + (1 + (22 - 33 - 28) - -18)
4
Calculate 3 + 22 + -24 + -18 - (-4 + 31).
-44
What is the value of 31 - (-6 + -5) - (13 - -21)?
8
Evaluate -418 + 398 - (-7 - 4).
-9
What is the value of (-1 - (-1 - 12)) + (-36 + -230 - -256)?
2
-39 + 20 + 9 + 111 - -16 - 18
99
Calculate -1195 + 1205 - (-3 - (-2 + 1 - 52)).
-40
What is the value of -58 + 0 + -3269 + 3224 + 45 + 0?
-58
Calculate -1 - 13 - (1 + 2 + -7) - (-257 + 290).
-43
What is the value of -128 + 46 + -9 + 131?
40
Calculate (0 - 131) + 23 + -25 + (39 - 34).
-128
What is the value of -179 - (-102 + -70) - (-3 + -154)?
150
67 - ((-28 - 45) + 97)
43
What is the value of 38 + -93 + -12 + 36?
-31
-78 - (-71 - 8) - (120 - (-4 - -2) - -3)
-124
Calculate 93 + 47 + -33 + -29.
78
What is the value of -444 - -466 - (1 - -17) - -41?
45
Evaluate -52 - ((1 - (7 + 1)) + 3225 + -3226).
-44
82 + 29 + -1 + 111 + -144
77
(-14 - -17) + 7 + -29 + -22
-41
Evaluate 43 - (1 - (3 + 24 - 12 - 8)).
49
What is the value of (-9 + -1 + 5 - -11) + 36 + -8 + 6?
40
What is the value of 54 + 44 + -156 + 51 - (-147 + 0 + -2)?
142
Evaluate -236 + 241 - (-7 + 19 - -7).
-14
Calculate 90 - ((3 - -48) + 14).
25
What is the value of 14 - (-7 + (-9 - (16 - 7 - 7)))?
32
-11 + -2 - (-12 - -19) - (99 - 62)
-57
What is -1 - -71 - (36 - (-6 - (-36 + -11)))?
75
Evaluate -68 - -51 - -45 - 55.
-27
Evaluate (132 - ((-8 - -11) + -6)) + -178 + 160.
117
Evaluate (221 - (32 + -65)) + -124.
130
What is the value of -49 + 115 - (147 - -45)?
-126
What is the value of 6 + (0 - -2) - (-174 + (-69 - -228))?
23
Evaluate 0 + 35 + (6 - (15 + -27 + 14)).
39
Calculate -97 + (33 + 97 - 109).
-76
Calculate 18 + 3 - ((-21 - -7) + (6 - 10) + 14).
25
(-3 - ((4 - -6) + -12)) + (-96 - -2)
-95
25 - (46 + (-20 - -19))
-20
What is -7 + (-26 + (32 - 16) - (-18 + (-2 - -3)))?
0
220 + -203 + -8 + 3 + 22
34
What is 22 + 9 + (219 - 192)?
58
(6 + 3 + -14 - 8 - -9) + 5
1
Calculate (3 + (0 - 3) - -32) + 22.
54
What is 0 + -2 - (3216 - 3198)?
-20
What is 3 - (17 + -10 + -3 + -2 + -17)?
18
What is the value of 6 + (8 - -10 - 35)?
-11
Calculate 2 - (1 + -1) - (724 - 733).
11
Calculate -5 + 1 + -9 - (-38 - -68 - 12).
-31
What is the value of 272 - 284 - (-23 + 1) - 136 - -16?
-110
What is the value of 3 + 0 - (9 - (5 + 6)) - (26 - 25)?
4
Calculate -129 - (-232 + 95) - -117.
125
Evaluate 3 - 3 - ((-8 - -4 - -6) + -41 + -27).
66
What is the value of (2 + -10 - -70 - 7) + (64 - 42)?
77
Calculate 20 - (-65 + 98 + -63).
50
-22 + -1 + 1 - (-105 - -117)
-34
What is -20 + 34 + 0 + 80?
94
Calculate 18 - ((-27 - -30) + 15 - 34).
34
Evaluate -28 + 1 + 5 - -5 - (398 - 287).
-128
Evaluate 113 + -151 - (-3 + (-1 - (5 + -4 - 0))).
-33
What is 67 + -72 + (-7 - (-4 - -17))?
-25
What is 3 + -3 + 12 + 49 + 11 + 0?
72
Calculate 11 + (100 - 69 - 123).
-81
(42 - -7) + (31 - 26 - (-22 - -5))
71
What is the value of 107 - (-11 - -25 - -21)?
72
Evaluate -25 + -29 + 2 + 3 + (1